(8). Suppose 5*l + 0 - 6 = -g*k, k + 3*l = 5. Let p = -1 + k. Calculate h(p).
9
Let p(w) be the first derivative of -w**4/4 + 2*w**3/3 + 2*w**2 - w + 7. Determine p(3).
2
Let h(r) = -r. Let m = 0 - 7. Determine h(m).
7
Let g(h) be the second derivative of h + 0 + 1/12*h**4 + 1/2*h**2 - 1/4*h**5 - 1/3*h**3. Determine g(1).
-5
Let t(x) = x - 2. Suppose 2*c = -b + 5*c + 21, c - 5 = -b. Let o be (-18)/(-6) - (-1 - 0). Suppose -w = -o*w + b. What is t(w)?
1
Let u(p) be the first derivative of -p**2/2 + 3*p + 19. Give u(8).
-5
Let t(g) = -g + 11. Let d(v) = v**2 - 17*v + 16. Let w be d(16). Give t(w).
11
Let y(k) = 2*k**3 - k**3 - 2 + 9*k**2 - 2*k**3 + 0. Determine y(9).
-2
Let w(v) = 47*v - v**3 - 92*v + v**2 + 45*v. Determine w(0).
0
Suppose 0 = 3*w - w + 16. Let q(j) = j**3 + 9*j**2 + 9*j + 12. Determine q(w).
4
Let b(d) = -d - 9. Let l be b(-12). Let f(j) = -5 - 4*j + 2 - 2*j**2 + 2 - l. What is f(-3)?
-10
Let b = 1 + 1. Let w = -18 + 31. Suppose 3*g + 3 = -u - b*u, -4*u - g = w. Let a(m) = m + 1. Calculate a(u).
-3
Let i(n) be the first derivative of -n**6/120 - n**5/30 + n**4/6 + n**3/2 - n**2/2 - 3. Let j(y) be the second derivative of i(y). Determine j(-3).
0
Let m be (-3)/(-2)*(-16)/(-6). Suppose m*u - 16 = 5*w - 1, 0 = -5*u - 3*w - 9. Let a(y) = -y + 4. Give a(u).
4
Let g(h) = -2*h - 3. Let t = 5 - 7. What is g(t)?
1
Let a(o) be the first derivative of -o**5/20 + 5*o**4/12 - o**3/2 + o + 1. Let i(k) be the first derivative of a(k). Calculate i(3).
9
Let m(x) = -x**2 - 6*x. Let r(z) = -z**2 - 9*z - 3. Let y be r(-8). Let k(b) = -b**2 + 5*b - 6. Let i be k(y). What is m(i)?
0
Let g(f) = 2*f**2 - 2*f + 1. Suppose 0 = -5*n + 9 + 1. Determine g(n).
5
Let t(y) = -1 - 35*y + 15*y - 2. Let f(l) be the second derivative of -7*l**3/6 - l**2/2 + 9*l. Let v(h) = -17*f(h) + 6*t(h). Calculate v(3).
-4
Let h(f) = -f**2 + 8 + 2*f**2 - f**3 - 2. Let x be 0*2/4*-2. Determine h(x).
6
Let v be (5/3)/(-1 + (-12)/(-9)). Let b(z) = -z**3 + 4*z**2 + 8*z - 4. Calculate b(v).
11
Suppose 5*i + y + 10 = -0*y, -5*i - 2*y - 15 = 0. Let b(q) = -q. What is b(i)?
1
Let j(b) = 6*b + 5. Let w(t) = 5*t + 5. Let p(y) = -4*j(y) + 5*w(y). Let m(a) = -6. Let r(i) = -3*m(i) - 4*p(i). Give r(-2).
6
Let h(g) = g**2 + 8*g - 6. Let d be h(-9). Let v = 4 - d. Let u = 2 + v. Let i(b) = b**2 - 5*b - 1. What is i(u)?
-7
Let p(o) = 5*o - 2 + 2*o - o**2 - o. Let q(t) = -4*t + 4*t - 3*t - 40 + 18. Let u be q(-9). Give p(u).
3
Suppose -j = -2*u + 8, -4*u + 16 = 5*j - 3*j. Let t(h) = 28 - 8 - 12 - 10 + h. Give t(j).
-2
Let o(k) = 3*k. Let t(a) = -5*a**2 + 5*a + 15. Let h(c) = 4*c**2 - 6*c - 14. Let i(s) = 4*h(s) + 3*t(s). Let n be i(10). Determine o(n).
-3
Let s(p) be the third derivative of p**3 - 7/24*p**4 + 4*p**2 + 1/30*p**5 + 0 + 0*p. What is s(4)?
10
Let h(a) = a**2 + 5*a - 7. Let d be 114/(-9) - (-2)/3. Let n = 6 + d. What is h(n)?
-1
Let i = 3 - 4. Suppose -10 = -8*m + 3*m. Let r(q) = -3*q**m - 2*q**2 + 4*q**2 - 3*q**2 - q - 1. Give r(i).
-4
Let z = -8 + 6. Let y be z - (4 + -2*1). Let o be y/(-6)*(-18)/(-4). Let n(j) = -2*j**2 + 4*j - 1. Give n(o).
-7
Let v(w) = -6*w**2 - w**2 + 8*w**2 + 5*w - 3 - 5. Calculate v(-6).
-2
Let m(b) = -b**2 + b - 1. Let l(y) = -y**3 - 2*y**2 - 8*y + 9. Let t(f) = l(f) + 4*m(f). Suppose 4*c - 13 = 5*c - 4*z, z = 2. Determine t(c).
0
Let x(f) = 7*f**2 - 2*f + 1. Let r = 6 + 5. Let l = -10 + r. Calculate x(l).
6
Let r(c) = c**2 + 2*c - 1. Suppose 2*s - 11*s - 27 = 0. Determine r(s).
2
Let n(q) be the second derivative of -q**5/60 - q**3/3 - 2*q**2 - 2*q. Let c(u) be the first derivative of n(u). What is c(0)?
-2
Let v(n) be the first derivative of 2*n**3/3 - 2*n**2 + 3*n - 18. Calculate v(2).
3
Let z(w) be the second derivative of -w**5/60 + w**3/2 - w. Let m(h) be the second derivative of z(h). Calculate m(5).
-10
Let j(f) = -f**3 - f + 3*f - 2 + 3 + 2*f**2 + 3. Determine j(3).
1
Let r(c) = -c - 2. Let j be r(-6). Suppose -4*v + u - 4 = 0, 5*v + j*u - 9 = 7. Let q(n) = -8 + v + 4 + 3*n. Give q(5).
11
Let d(q) = -4*q**3 + 7*q**2 - 3*q - 2. Let j = 4 - 2. Suppose j*k + 2*k = 28. Let h(y) = 9*y**3 - 15*y**2 + 6*y + 5. Let z(w) = k*d(w) + 3*h(w). Give z(3).
1
Let t(y) = -y + 8. Let o be t(6). Let d be ((-4)/4)/(o/(-4)). Let n(s) = 7*s + 1. What is n(d)?
15
Let p(z) = 0*z + 13*z - 5*z - 31 - 7*z. Determine p(0).
-31
Let q(k) = 2 + k**3 + 3*k - 1 - 6*k**2 + 2. Suppose -4*g + 10 = -2*g + j, 0 = 4*j - 16. Suppose -c + 8 = t, c + g*t - t - 11 = 0. Determine q(c).
-7
Suppose -13 - 3 = -4*t. Let d(x) = x - 3*x**3 + t*x**3 + 7*x**3. Let v be ((-10)/(-45))/((-4)/(-18)). What is d(v)?
9
Let u = 13 - 10. Let d(j) = -j**3 - j**2 + j + 3. Let k be d(0). Suppose 0*t = u*t + k. Let z(s) = -6*s**3 + 2*s + 1. What is z(t)?
5
Let n(s) = 1. Let u(y) = y. Let v(j) = -n(j) + 2*u(j). Let q(i) = i**3 - i + 2. Let f be q(-2). Determine v(f).
-9
Let g(r) = 16*r**2 + r. Suppose 3*f + 0 = -s + 3, 3*f = -2*s. Let k(t) = t**2 - 4*t**2 + 2*t**2 - 2*t**2. Let w(a) = f*g(a) + 11*k(a). What is w(2)?
0
Let c(z) = 3*z + 51 - 25 - 29. Let g(i) = -i**3 - 7*i**2 - 6*i + 3. Let o be g(-6). Let d be 2 - o - (2 - 0). What is c(d)?
-12
Let a be 3 + 1 + 0 + -2. Let y(h) = 1 + a*h + 4 - 3. Let k be (-18)/5 + (-4)/10. Calculate y(k).
-6
Let t(y) = -16*y**3 + 0*y**3 + 17*y**3 + y - 1. Let k(u) = u**3 - 5*u**2 - u + 6. Let f be k(5). What is t(f)?
1
Suppose -5*j = -2*m - 4*j + 2, -3*m + 4*j - 2 = 0. Suppose 0 = -m*g + 6*g + 32. Let b = g + 9. Let r(a) = 4*a**3 - 2*a**2 + 1. Determine r(b).
3
Let z(y) = 3*y - 8. Let m(v) = 1 + 8 - 3*v + 0*v + 0. Let d(p) = 5*m(p) + 6*z(p). Determine d(-4).
-15
Let i(f) = -2*f + 2. Let u(k) be the third derivative of k**4/12 - k**3/2 + 6*k**2. Let p(x) = 3*i(x) + 2*u(x). Give p(-1).
2
Let q(j) = j**3 + 8*j**2 - j - 2. Suppose 0 = 14*n - 9*n + 40. What is q(n)?
6
Let p(a) be the second derivative of 1/6*a**3 + 7/2*a**2 + 0 - 5*a. Give p(0).
7
Let n be (-28)/154 + (-114)/(-22). Let o(r) = r**2 - 3*r + 3. Calculate o(n).
13
Let y(z) be the first derivative of 1 - 2*z + 3/2*z**2 + 1/3*z**3. Let k(v) = v**3 + 4*v**2 - 5*v + 2. Let x be k(-5). Give y(x).
8
Let a(z) be the third derivative of -z**5/60 - z**4/12 - z**3/2 - z**2. Let w = -98 + 95. Give a(w).
-6
Let h(m) be the third derivative of m**6/120 + 7*m**5/60 - m**4/8 - 5*m**3/3 - 5*m**2. What is h(-7)?
11
Let y(s) = -s**2 + 6*s - 5. Suppose 12*v - 9*v - 18 = 0. Calculate y(v).
-5
Let h = 0 + 4. Suppose i = h*p + 21, 4*i - 21 = 3*p - 2. Let x(w) = w**3 + 5*w**2 - w - 2. Give x(p).
3
Let i(u) = -3*u + 8. Suppose 6 = 2*y + 3*x, 2*x = -5*y - 0*y + 15. Suppose -3*a = -5*p + 27, 4*p = 9*p + y*a - 33. Calculate i(p).
-10
Suppose 12 = 6*i - 3*i. Let g(q) = i + q**2 + 7*q + q - 7*q. Determine g(-3).
10
Let l(h) = -h**3 - 3*h**2 + 6*h + 5. Suppose -73 + 25 = 12*v. Give l(v).
-3
Let w(s) = s**2 - 10*s - 1. Let d be w(10). Let y be 2*(d/(-2) + 0). Let r(m) = -m**2 - m + 1. Let i(a) = -a**2 - 2*a + 3. Let o(p) = -i(p) + 2*r(p). Give o(y).
-2
Let f be 1*4/((-8)/(-6)). Let j be 10/(-25) - 12/(-5). Let k(u) = j*u**2 + 4 - 5 + 1 - 4*u. Calculate k(f).
6
Let j(g) = -5*g**2 + 4*g. Let u(s) = -s**2 + s. Let w(v) = 2*j(v) - 11*u(v). Calculate w(4).
4
Let l(f) = 2*f**2 - 10. Let h(j) = 5*j**2 - 29. Let c(s) = -3*h(s) + 8*l(s). Determine c(0).
7
Let v be (-5)/((-105)/(-6)) - (-5)/(-7). Let s(y) = -4*y**3 + 1. Give s(v).
5
Let p = -7 - -11. Let o(v) = 5*v**2 - p*v**2 + 6*v**2. Give o(1).
7
Let i(k) = -k + 6. Let n = 7 + -7. Let r(y) = y + 4. Let f be r(n). What is i(f)?
2
Let h(n) be the first derivative of 2/3*n**3 + 1 + 0*n - 1/120*n**5 - 1/24*n**4 + 0*n**2. Let u(r) be the third derivative of h(r). Determine u(0).
-1
Let y(s) = -2*s**3 + s**2. Let o be 12/12 - 4/2. Calculate y(o).
3
Let t(p) = p**2 - 6*p - 1. Let n be 2 - (-2 - (-9)/3). Let j(m) = 7*m**2 + m - 2. Let z be j(n). What is t(z)?
-1
Let y be 2/4*(3 - 3). Suppose -t + 5*q - 23 = y, 0 = 5*q - 20 - 5. Let g(v) = t - 2*v - 5 - 1 - 2. Give g(-4).
2
Let m(c) = 4*c + 90 - 5*c - 99. Calculate m(-5).
-4
Let v(q) = q**3 + 3*q**2 - 5*q - 1. Let z = -4 - -7. Suppose -6*h - 12 = -2*h, -9 = 5*p + z*h. Suppose p = -5*t + t - 16. Calculate v(t).
3
Let b(a) = -2*a + 2. Let m(g) = -9*g + 11. Let n(t) = 11*b(t) - 2*m(t). Give n(2).
-8
Let g(r) = -1439*r**2 + r**3 + 1438*r**2 - 2*r**3 - 1 + 4*r. Wh